{"id":23,"date":"2021-01-25T11:52:57","date_gmt":"2021-01-25T11:52:57","guid":{"rendered":"http:\/\/ozerkanburoglu.com\/?page_id=23"},"modified":"2021-02-21T16:37:26","modified_gmt":"2021-02-21T13:37:26","slug":"sergiler","status":"publish","type":"page","link":"http:\/\/ozerkanburoglu.com\/?page_id=23","title":{"rendered":"Sergiler"},"content":{"rendered":"<style>#jtg-1360 .modula-item .jtg-social a, .lightbox-socials.jtg-social a{ fill: #ffffff; color: #ffffff }#jtg-1360 .modula-item .jtg-social-mobile a{ fill: #ffffff; color: #ffffff }#jtg-1360 .modula-item .jtg-social svg, .lightbox-socials.jtg-social svg { height: 16px; width: 16px }#jtg-1360 .modula-item .jtg-social-mobile svg { height: 16px; width: 16px }#jtg-1360 .modula-item .jtg-social a:not(:last-child), .lightbox-socials.jtg-social a:not(:last-child) { margin-right: 10px }#jtg-1360 .modula-item .jtg-social-mobile .jtg-social-mobile-icons a:not(:last-child){ margin-right: 10px }#jtg-1360 .modula-item .figc {color:#ffffff;}#jtg-1360 .modula-item .modula-item-content { transform: scale(1) }#jtg-1360 { width:100%;}#jtg-1360 .modula-items .figc p.description { font-size:14px; }#jtg-1360 .modula-items .figc p.description { color:#ffffff;}#jtg-1360.modula-gallery .modula-item > a, #jtg-1360.modula-gallery .modula-item, #jtg-1360.modula-gallery .modula-item-content > a:not(.modula-no-follow) { cursor:zoom-in; } #jtg-1360.modula-gallery .modula-item-content .modula-no-follow { cursor: default; } @media screen and (max-width:480px){#jtg-1360 .modula-item .figc .jtg-title {  font-size: 12px; }#jtg-1360 .modula-items .figc p.description { color:#ffffff;font-size:10px; }}<\/style>\n<!-- Gallery Container -->\n<div  id=\"jtg-1360\" class=\"modula modula-gallery modula-columns\" data-config=\"{&quot;tabletHeight&quot;:280,&quot;mobileHeight&quot;:280,&quot;desktopHeight&quot;:280,&quot;enableTwitter&quot;:false,&quot;enableWhatsapp&quot;:false,&quot;enableFacebook&quot;:false,&quot;enablePinterest&quot;:false,&quot;enableLinkedin&quot;:false,&quot;enableEmail&quot;:false,&quot;randomFactor&quot;:0.5,&quot;type&quot;:&quot;grid&quot;,&quot;columns&quot;:12,&quot;gutter&quot;:20,&quot;mobileGutter&quot;:20,&quot;tabletGutter&quot;:20,&quot;desktopGutter&quot;:20,&quot;enableResponsive&quot;:&quot;0&quot;,&quot;tabletColumns&quot;:&quot;2&quot;,&quot;mobileColumns&quot;:&quot;1&quot;,&quot;lazyLoad&quot;:&quot;0&quot;,&quot;lightboxOpts&quot;:{&quot;animated&quot;:true,&quot;Thumbs&quot;:{&quot;type&quot;:&quot;modern&quot;,&quot;showOnStart&quot;:false},&quot;Toolbar&quot;:{&quot;display&quot;:{&quot;right&quot;:[&quot;close&quot;]},&quot;enabled&quot;:true},&quot;Carousel&quot;:{&quot;Panzoom&quot;:{&quot;touch&quot;:false},&quot;infinite&quot;:false},&quot;keyboard&quot;:{&quot;Escape&quot;:&quot;close&quot;,&quot;Delete&quot;:&quot;close&quot;,&quot;Backspace&quot;:&quot;close&quot;,&quot;PageUp&quot;:false,&quot;PageDown&quot;:false,&quot;ArrowUp&quot;:false,&quot;ArrowDown&quot;:false,&quot;ArrowRight&quot;:false,&quot;ArrowLeft&quot;:false},&quot;touch&quot;:false,&quot;backdropClick&quot;:false,&quot;l10n&quot;:{&quot;CLOSE&quot;:&quot;Close&quot;,&quot;NEXT&quot;:&quot;Next&quot;,&quot;PREV&quot;:&quot;Previous&quot;,&quot;Error&quot;:&quot;The requested content cannot be loaded. Please try again later.&quot;,&quot;PLAY_START&quot;:&quot;Start slideshow&quot;,&quot;PLAY_STOP&quot;:&quot;Pause slideshow&quot;,&quot;FULL_SCREEN&quot;:&quot;Full screen&quot;,&quot;THUMBS&quot;:&quot;Thumbnails&quot;,&quot;DOWNLOAD&quot;:&quot;Download&quot;,&quot;SHARE&quot;:&quot;Share&quot;,&quot;ZOOM&quot;:&quot;Zoom&quot;,&quot;EMAIL&quot;:&quot;Here is the link to the image : %%image_link%% and this is the link to the gallery : %%gallery_link%%&quot;,&quot;MODAL&quot;:&quot;You can close this modal content with the ESC key&quot;,&quot;ERROR&quot;:&quot;Something Went Wrong, Please Try Again Later&quot;,&quot;IMAGE_ERROR&quot;:&quot;Image Not Found&quot;,&quot;ELEMENT_NOT_FOUND&quot;:&quot;HTML Element Not Found&quot;,&quot;AJAX_NOT_FOUND&quot;:&quot;Error Loading AJAX : Not Found&quot;,&quot;AJAX_FORBIDDEN&quot;:&quot;Error Loading AJAX : Forbidden&quot;,&quot;IFRAME_ERROR&quot;:&quot;Error Loading Page&quot;,&quot;TOGGLE_ZOOM&quot;:&quot;Toggle zoom level&quot;,&quot;TOGGLE_THUMBS&quot;:&quot;Toggle thumbnails&quot;,&quot;TOGGLE_SLIDESHOW&quot;:&quot;Toggle slideshow&quot;,&quot;TOGGLE_FULLSCREEN&quot;:&quot;Toggle full-screen mode&quot;},&quot;Images&quot;:{&quot;Panzoom&quot;:{&quot;maxScale&quot;:2}},&quot;mainClass&quot;:&quot;modula-fancybox-container modula-lightbox-jtg-1360&quot;,&quot;Html&quot;:{&quot;videoAutoplay&quot;:0,&quot;videoTpl&quot;:&quot;&lt;video class=\\&quot;fancybox__html5video\\&quot; controls muted playsinline controlsList controlsList=\\&quot;nodownload\\&quot; poster=\\&quot;{{poster}}\\&quot; src=\\&quot;{{src}}\\&quot; type=\\&quot;{{format}}\\&quot; &gt;  Sorry, your browser doesn&#039;t support embedded videos, &lt;a href=\\&quot;{{src}}\\&quot;&gt; download &lt;\\\/a&gt; and watch with your favorite video player! &lt;\\\/video&gt;&quot;}},&quot;inView&quot;:false,&quot;email_subject&quot;:&quot;Check out this awesome image !!&quot;,&quot;email_message&quot;:&quot;Here is the link to the image : %%image_link%% and this is the link to the gallery : %%gallery_link%%&quot;,&quot;grid_type&quot;:&quot;automatic&quot;,&quot;rowHeight&quot;:280,&quot;lastRow&quot;:&quot;center&quot;,&quot;lightbox&quot;:&quot;attachment-page&quot;}\">\n\n\t\n\t<!-- Items Container -->\n\t<div  class=\"modula-items grid-gallery\">\n\t\t<div class=\"modula-item modula-simple-link effect-pufrobo\" >\n\t<div class=\"modula-item-overlay\"><\/div>\n\n\t<div class=\"modula-item-content\">\n\n\t\t\t\t\n\t\t\t\t\t<a data-image-id=\"1355\" tabindex=\"0\" class=\"modula-simple-link\" aria-label=\"Open external link\" href=\"http:\/\/ozerkanburoglu.com\/?page_id=266\" class=\"tile-inner modula-item-link\"><\/a>\n\t\t\n\t\t<img loading=\"lazy\" decoding=\"async\" class=\"pic wp-image-1355\"  data-valign=\"middle\" data-halign=\"center\" alt=\"\" data-full=\"http:\/\/ozerkanburoglu.com\/wp-content\/uploads\/2021\/02\/izlenimler-afis.jpg\" title=\"izlenimler afi\u015f\" width=\"734\" height=\"1024\" src=\"http:\/\/ozerkanburoglu.com\/wp-content\/uploads\/2021\/02\/izlenimler-afis-734x1024.jpg\" data-src=\"http:\/\/ozerkanburoglu.com\/wp-content\/uploads\/2021\/02\/izlenimler-afis-734x1024.jpg\" data-caption=\"\u0130zlenimler\" srcset=\"http:\/\/ozerkanburoglu.com\/wp-content\/uploads\/2021\/02\/izlenimler-afis.jpg 855w, http:\/\/ozerkanburoglu.com\/wp-content\/uploads\/2021\/02\/izlenimler-afis-215x300.jpg 215w, http:\/\/ozerkanburoglu.com\/wp-content\/uploads\/2021\/02\/izlenimler-afis-734x1024.jpg 734w, http:\/\/ozerkanburoglu.com\/wp-content\/uploads\/2021\/02\/izlenimler-afis-768x1072.jpg 768w\" sizes=\"(max-width: 734px) 100vw, 734px\" \/>\n\t\t<div class=\"figc\">\n\t\t\t<div class=\"figc-inner\">\n\t\t\t\t\t\t\t\t\t\t\t\t\t<p class=\"description\">\u0130zlenimler<\/p>\n\t\t\t\t\t\t\t\t\t\t\t<\/div>\n\t\t<\/div>\n\n\t<\/div>\n\n<\/div><div class=\"modula-item modula-simple-link effect-pufrobo\" >\n\t<div class=\"modula-item-overlay\"><\/div>\n\n\t<div class=\"modula-item-content\">\n\n\t\t\t\t\n\t\t\t\t\t<a data-image-id=\"1356\" tabindex=\"0\" class=\"modula-simple-link\" aria-label=\"Open external link\" href=\"http:\/\/ozerkanburoglu.com\/?page_id=276\" class=\"tile-inner modula-item-link\"><\/a>\n\t\t\n\t\t<img loading=\"lazy\" decoding=\"async\" class=\"pic wp-image-1356\"  data-valign=\"middle\" data-halign=\"center\" alt=\"\" data-full=\"http:\/\/ozerkanburoglu.com\/wp-content\/uploads\/2021\/02\/mimariler-afis.jpg\" title=\"mimariler afi\u015f\" width=\"674\" height=\"1024\" src=\"http:\/\/ozerkanburoglu.com\/wp-content\/uploads\/2021\/02\/mimariler-afis-674x1024.jpg\" data-src=\"http:\/\/ozerkanburoglu.com\/wp-content\/uploads\/2021\/02\/mimariler-afis-674x1024.jpg\" data-caption=\"Mimariler\" srcset=\"http:\/\/ozerkanburoglu.com\/wp-content\/uploads\/2021\/02\/mimariler-afis.jpg 1196w, http:\/\/ozerkanburoglu.com\/wp-content\/uploads\/2021\/02\/mimariler-afis-198x300.jpg 198w, http:\/\/ozerkanburoglu.com\/wp-content\/uploads\/2021\/02\/mimariler-afis-674x1024.jpg 674w, http:\/\/ozerkanburoglu.com\/wp-content\/uploads\/2021\/02\/mimariler-afis-768x1166.jpg 768w, http:\/\/ozerkanburoglu.com\/wp-content\/uploads\/2021\/02\/mimariler-afis-1012x1536.jpg 1012w\" sizes=\"(max-width: 674px) 100vw, 674px\" \/>\n\t\t<div class=\"figc\">\n\t\t\t<div class=\"figc-inner\">\n\t\t\t\t\t\t\t\t\t\t\t\t\t<p class=\"description\">Mimariler<\/p>\n\t\t\t\t\t\t\t\t\t\t\t<\/div>\n\t\t<\/div>\n\n\t<\/div>\n\n<\/div><div class=\"modula-item modula-simple-link effect-pufrobo\" >\n\t<div class=\"modula-item-overlay\"><\/div>\n\n\t<div class=\"modula-item-content\">\n\n\t\t\t\t\n\t\t\t\t\t<a data-image-id=\"1357\" tabindex=\"0\" class=\"modula-simple-link\" aria-label=\"Open external link\" href=\"http:\/\/ozerkanburoglu.com\/?page_id=280\" class=\"tile-inner modula-item-link\"><\/a>\n\t\t\n\t\t<img loading=\"lazy\" decoding=\"async\" class=\"pic wp-image-1357\"  data-valign=\"middle\" data-halign=\"center\" alt=\"\" data-full=\"http:\/\/ozerkanburoglu.com\/wp-content\/uploads\/2021\/02\/oykuler-afis.jpg\" title=\"\u00f6yk\u00fcler afi\u015f\" width=\"569\" height=\"1024\" src=\"http:\/\/ozerkanburoglu.com\/wp-content\/uploads\/2021\/02\/oykuler-afis-569x1024.jpg\" data-src=\"http:\/\/ozerkanburoglu.com\/wp-content\/uploads\/2021\/02\/oykuler-afis-569x1024.jpg\" data-caption=\"\u00d6yk\u00fcler\" srcset=\"http:\/\/ozerkanburoglu.com\/wp-content\/uploads\/2021\/02\/oykuler-afis.jpg 787w, http:\/\/ozerkanburoglu.com\/wp-content\/uploads\/2021\/02\/oykuler-afis-167x300.jpg 167w, http:\/\/ozerkanburoglu.com\/wp-content\/uploads\/2021\/02\/oykuler-afis-569x1024.jpg 569w, http:\/\/ozerkanburoglu.com\/wp-content\/uploads\/2021\/02\/oykuler-afis-768x1383.jpg 768w\" sizes=\"(max-width: 569px) 100vw, 569px\" \/>\n\t\t<div class=\"figc\">\n\t\t\t<div class=\"figc-inner\">\n\t\t\t\t\t\t\t\t\t\t\t\t\t<p class=\"description\">\u00d6yk\u00fcler<\/p>\n\t\t\t\t\t\t\t\t\t\t\t<\/div>\n\t\t<\/div>\n\n\t<\/div>\n\n<\/div><div class=\"modula-item modula-simple-link effect-pufrobo\" >\n\t<div class=\"modula-item-overlay\"><\/div>\n\n\t<div class=\"modula-item-content\">\n\n\t\t\t\t\n\t\t\t\t\t<a data-image-id=\"1358\" tabindex=\"0\" class=\"modula-simple-link\" aria-label=\"Open external link\" href=\"http:\/\/ozerkanburoglu.com\/?page_id=288\" class=\"tile-inner modula-item-link\"><\/a>\n\t\t\n\t\t<img loading=\"lazy\" decoding=\"async\" class=\"pic wp-image-1358\"  data-valign=\"middle\" data-halign=\"center\" alt=\"\" data-full=\"http:\/\/ozerkanburoglu.com\/wp-content\/uploads\/2021\/02\/sepetciler-afis.jpg\" title=\"sepet\u00e7iler afi\u015f\" width=\"686\" height=\"1024\" src=\"http:\/\/ozerkanburoglu.com\/wp-content\/uploads\/2021\/02\/sepetciler-afis-686x1024.jpg\" data-src=\"http:\/\/ozerkanburoglu.com\/wp-content\/uploads\/2021\/02\/sepetciler-afis-686x1024.jpg\" data-caption=\"Sepet\u00e7iler\" srcset=\"http:\/\/ozerkanburoglu.com\/wp-content\/uploads\/2021\/02\/sepetciler-afis.jpg 1208w, http:\/\/ozerkanburoglu.com\/wp-content\/uploads\/2021\/02\/sepetciler-afis-201x300.jpg 201w, http:\/\/ozerkanburoglu.com\/wp-content\/uploads\/2021\/02\/sepetciler-afis-686x1024.jpg 686w, http:\/\/ozerkanburoglu.com\/wp-content\/uploads\/2021\/02\/sepetciler-afis-768x1147.jpg 768w, http:\/\/ozerkanburoglu.com\/wp-content\/uploads\/2021\/02\/sepetciler-afis-1029x1536.jpg 1029w\" sizes=\"(max-width: 686px) 100vw, 686px\" \/>\n\t\t<div class=\"figc\">\n\t\t\t<div class=\"figc-inner\">\n\t\t\t\t\t\t\t\t\t\t\t\t\t<p class=\"description\">Sepet\u00e7iler<\/p>\n\t\t\t\t\t\t\t\t\t\t\t<\/div>\n\t\t<\/div>\n\n\t<\/div>\n\n<\/div>\t\t\n\t<\/div>\n\n\t\n\t\n\t<script type=\"application\/ld+json\">\n\t{\n\t\t\"@context\": \"http:\/\/schema.org\",\n\t\t\"@type\"   : \"ImageGallery\",\n\t\t\"id\"      : \"http:\/\/ozerkanburoglu.com\/?page_id=23\/\",\n\t\t\"url\"     : \"http:\/\/ozerkanburoglu.com\/?page_id=23\/\"\n\t}\n\n\t<\/script>\n\n\t\n<\/div>\n\n\n\n<p><\/p>\n","protected":false},"excerpt":{"rendered":"","protected":false},"author":1,"featured_media":0,"parent":0,"menu_order":0,"comment_status":"closed","ping_status":"closed","template":"","meta":{"footnotes":""},"class_list":["post-23","page","type-page","status-publish"],"_links":{"self":[{"href":"http:\/\/ozerkanburoglu.com\/index.php?rest_route=\/wp\/v2\/pages\/23"}],"collection":[{"href":"http:\/\/ozerkanburoglu.com\/index.php?rest_route=\/wp\/v2\/pages"}],"about":[{"href":"http:\/\/ozerkanburoglu.com\/index.php?rest_route=\/wp\/v2\/types\/page"}],"author":[{"embeddable":true,"href":"http:\/\/ozerkanburoglu.com\/index.php?rest_route=\/wp\/v2\/users\/1"}],"replies":[{"embeddable":true,"href":"http:\/\/ozerkanburoglu.com\/index.php?rest_route=%2Fwp%2Fv2%2Fcomments&post=23"}],"version-history":[{"count":5,"href":"http:\/\/ozerkanburoglu.com\/index.php?rest_route=\/wp\/v2\/pages\/23\/revisions"}],"predecessor-version":[{"id":1364,"href":"http:\/\/ozerkanburoglu.com\/index.php?rest_route=\/wp\/v2\/pages\/23\/revisions\/1364"}],"wp:attachment":[{"href":"http:\/\/ozerkanburoglu.com\/index.php?rest_route=%2Fwp%2Fv2%2Fmedia&parent=23"}],"curies":[{"name":"wp","href":"https:\/\/api.w.org\/{rel}","templated":true}]}}