{"id":224,"date":"2021-01-30T12:34:10","date_gmt":"2021-01-30T12:34:10","guid":{"rendered":"http:\/\/ozerkanburoglu.com\/?page_id=224"},"modified":"2021-02-06T16:00:35","modified_gmt":"2021-02-06T16:00:35","slug":"ileri-cekim-teknikleri-egitimi","status":"publish","type":"page","link":"http:\/\/ozerkanburoglu.com\/?page_id=224","title":{"rendered":"\u0130leri \u00c7ekim Teknikleri"},"content":{"rendered":"\n<p><strong>1 Hafta<\/strong> (2 Saat)<\/p>\n\n\n\n<p><strong>Gece Foto\u011fraflar\u0131 Nas\u0131l \u00c7ekilir?<\/strong><\/p>\n\n\n\n<ul class=\"wp-block-list\"><li>Gece&nbsp;\u00c7ekimi&nbsp;Tekni\u011fi Nedir?<\/li><li>Gece \u00c7ekimi Ne Zaman Yap\u0131l\u0131r?<\/li><li>Gece \u00c7ekimlerinde Hangi Konulara Dikkat Edilmelidir?<\/li><li>Gece \u00c7ekimleri Nas\u0131l Yap\u0131l\u0131r?<\/li><li>Gece \u00c7ekiminde Yarat\u0131c\u0131 Etkiler Nas\u0131l Verilir?<\/li><\/ul>\n\n\n\n<p><strong>Objektiflerle Perspektif Nas\u0131l Kontrol Edilir?<\/strong><\/p>\n\n\n\n<ul class=\"wp-block-list\"><li>Objektifler Nedir ve Ne \u0130\u015fe Yararlar?<\/li><li>Normal Objektiflerin Perspektife Etkisi Nas\u0131ld\u0131r?<\/li><li>Geni\u015f A\u00e7\u0131 Objektiflerin Perspektife Etkisi Nas\u0131ld\u0131r?<\/li><li>Dar A\u00e7\u0131 (Tele) Objektiflerin Perspektife Etkisi Nas\u0131ld\u0131r?<\/li><li>Objektif Odak Uzakl\u0131klar\u0131yla Perspektif Nas\u0131l De\u011fi\u015fir?<\/li><\/ul>\n\n\n\n<p><strong>Ters I\u015f\u0131kta Nas\u0131l Etkili Foto\u011fraflar Elde Edilir?<\/strong><\/p>\n\n\n\n<ul class=\"wp-block-list\"><li>Ters I\u015f\u0131k Nedir?<\/li><li>G\u00fcn\u00fcn Hangi Saatinde Ters I\u015f\u0131k Olu\u015fur?<\/li><li>\u00c7ekim ve Pozland\u0131rma Nas\u0131l Yap\u0131l\u0131r?<\/li><li>\u00d6zel Etkiler Nas\u0131l Elde Edilir?<\/li><\/ul>\n\n\n\n<p><strong>Alan Derinli\u011fi ile Yarat\u0131c\u0131 Etkiler Nas\u0131l Verilir?<\/strong><\/p>\n\n\n\n<ul class=\"wp-block-list\"><li>Alan Derinli\u011fi&nbsp;Tekni\u011fi Nedir?<\/li><li>Alan Derinli\u011finin Kontrol\u00fc Nas\u0131l Yap\u0131l\u0131r?&nbsp;<\/li><li>Diyaframla Kontrol\u00fc Nas\u0131l Yap\u0131l\u0131r?<\/li><li>Netlik Mesafesi \u0130le Kontrol\u00fc Nas\u0131l Yap\u0131l\u0131r?<\/li><li>Objektif Odak Uzakl\u0131\u011f\u0131 \u0130le Kontrol\u00fc Nas\u0131l Yap\u0131l\u0131r?<\/li><li>\u00d6zel Etkiler Nas\u0131l Verilir?<\/li><\/ul>\n\n\n\n<p><strong>2 Hafta<\/strong> (2 Saat)<\/p>\n\n\n\n<p><strong>Fizyogram Nas\u0131l Elde Edilir?<\/strong><\/p>\n\n\n\n<ul class=\"wp-block-list\"><li>Fizyogram Tekni\u011fi Nedir?<\/li><li>Etkileri Nelerdir?<\/li><li>Hangi I\u015f\u0131k Malzemeleri \u0130le Yap\u0131l\u0131r?<\/li><li>\u00c7ekim ve Pozland\u0131rma Nas\u0131l Yap\u0131l\u0131r?<\/li><li>\u00d6zel Etkiler Nas\u0131l Verilir?<\/li><\/ul>\n\n\n\n<p><strong>I\u015f\u0131kla Boyama Nas\u0131l Yap\u0131l\u0131r?<\/strong><\/p>\n\n\n\n<ul class=\"wp-block-list\"><li>I\u015f\u0131kla Boyama Tekni\u011fi Nedir?<\/li><li>Ne Zaman Kullan\u0131l\u0131r?&nbsp;<\/li><li>Hangi I\u015f\u0131k Malzemeleri \u0130le Yap\u0131l\u0131r?<\/li><li>\u00c7ekim ve Pozland\u0131rma Nas\u0131l Yap\u0131l\u0131r?<\/li><li>Hangi Konulara Dikkat Edilmelidir?<\/li><li>\u00d6zel Etkiler Nas\u0131l Verilir?<\/li><li>Hatalar ve \u00c7\u00f6z\u00fcmleri Nelerdir?<\/li><\/ul>\n\n\n\n<p><strong>Foto\u011frafta Hareket Netsizli\u011fi Nas\u0131l Elde Edilir?<\/strong><\/p>\n\n\n\n<ul class=\"wp-block-list\"><li>Hareket Netsizli\u011fi&nbsp;\u00c7ekim&nbsp;Tekni\u011fi Nedir?<\/li><li>Hareketin Foto\u011fraftaki \u00d6nemi Nedir?<\/li><li>Hareket Foto\u011frafta Nas\u0131l Kontrol Edilir?<\/li><li>\u00c7ekim ve Pozland\u0131rma Nas\u0131l Yap\u0131l\u0131r?<\/li><\/ul>\n\n\n\n<p><strong>Pan Foto\u011fraflar\u0131 Nas\u0131l \u00c7ekilir?<\/strong><\/p>\n\n\n\n<ul class=\"wp-block-list\"><li>Pan \u00c7ekim&nbsp;Tekni\u011fi Nedir?<\/li><li>Pan \u00c7ekiminin Etkileri Nelerdir?&nbsp;<\/li><li>\u00c7ekim ve Pozland\u0131rma Nas\u0131l Yap\u0131l\u0131r?<\/li><\/ul>\n\n\n\n<p><strong>3 Hafta<\/strong> (2 Saat)<\/p>\n\n\n\n<p><strong>Panaroma Foto\u011fraflar\u0131 Nas\u0131l \u00c7ekilir?<\/strong><\/p>\n\n\n\n<ul class=\"wp-block-list\"><li>Standart Panorama \u00c7ekimi Nedir?<\/li><li>Neden Foto\u011fraflar Panoramik Olarak \u00c7ekilir?<\/li><li>Panorama \u00c7ekimleri Hangi Tip Foto\u011fraf Makineleri \u0130le Yap\u0131l\u0131r?<\/li><li>Panorama \u00c7ekimleri Nas\u0131l Yap\u0131l\u0131r?<\/li><li>\u00c7ekimde Hangi Konulara Dikkat Edilir?<\/li><li>Panorama \u00c7ekimleri Nas\u0131l Birle\u015ftirilir?<\/li><\/ul>\n\n\n\n<p><strong>Y\u0131ld\u0131z Kaymas\u0131 Foto\u011fraflar\u0131 Nas\u0131l \u00c7ekilir?<\/strong><\/p>\n\n\n\n<ul class=\"wp-block-list\"><li>Y\u0131ld\u0131z Foto\u011fraflar\u0131&nbsp;\u00c7ekim&nbsp;Tekni\u011fi Nedir?<\/li><li>Ne Tip Malzemeler Gereklidir?<\/li><li>Pozland\u0131rma Nas\u0131l Olmal\u0131d\u0131r?<\/li><li>Y\u0131ld\u0131z \u00c7ekimlerinde Mek\u00e2n Nas\u0131l Se\u00e7ilir?<\/li><li>\u00c7ekim Nas\u0131l Yap\u0131l\u0131r?<\/li><li>\u00d6zel Etkiler Nas\u0131l Verilir?<\/li><\/ul>\n\n\n\n<p><strong>Zoom In Zoom Out Nas\u0131l \u00c7ekilir?<\/strong><\/p>\n\n\n\n<ul class=\"wp-block-list\"><li>Zoom \u0130n Zoom Out&nbsp;\u00c7ekim&nbsp;Tekni\u011fi Nedir?<\/li><li>Zoom \u0130n Zoom Out&nbsp;\u00c7ekiminin Etkileri Nelerdir?&nbsp;<\/li><li>\u00c7ekim ve Pozland\u0131rma Nas\u0131l Yap\u0131l\u0131r?<\/li><\/ul>\n\n\n\n<p><strong>4 Hafta<\/strong> (2 Saat)<\/p>\n\n\n\n<p><strong>Do\u011fru Pozland\u0131rma Etkili Foto\u011fraf Nas\u0131l Elde Edilir?<\/strong><\/p>\n\n\n\n<ul class=\"wp-block-list\"><li>Pozland\u0131rma Ne Demektir?<\/li><li>\u00d6l\u00e7\u00fcm Sistemleri Nas\u0131l \u00c7al\u0131\u015f\u0131r?<\/li><li>\u00d6l\u00e7\u00fcm Modlar\u0131 Neye G\u00f6re Se\u00e7ilir?<\/li><li>Ortalama I\u015f\u0131k \u00d6l\u00e7\u00fcm Y\u00f6ntemi Ne Zaman Kullan\u0131l\u0131r?<\/li><li>Merkez A\u011f\u0131rl\u0131kl\u0131 \u00d6l\u00e7\u00fcm Y\u00f6ntemi Ne Zaman Kullan\u0131l\u0131r?<\/li><li>Nokta (Spot) \u00d6l\u00e7\u00fcm Sistemi Ne Zaman Kullan\u0131l\u0131r?<\/li><li>De\u011ferlendirmeli K\u0131smi \u00d6l\u00e7\u00fcm Sistemi Ne Zaman Kullan\u0131l\u0131r?<\/li><li>\u00d6l\u00e7\u00fcm Nas\u0131l Yap\u0131l\u0131r?<\/li><li>El Pozometresi \u0130le \u00d6l\u00e7\u00fcm Nas\u0131l Yap\u0131l\u0131r?<\/li><li>Gri Kart \u0130le \u00d6l\u00e7\u00fcm Nas\u0131l Yap\u0131l\u0131r?<\/li><li>Histogram ile Pozland\u0131rma Nas\u0131l Kontrol Edilir?<\/li><\/ul>\n\n\n\n<p><strong>Fla\u015f Etkili Olarak Nas\u0131l Kullan\u0131l\u0131r?<\/strong><\/p>\n\n\n\n<ul class=\"wp-block-list\"><li>Fla\u015f Neden Kullan\u0131lmak Zorundad\u0131r?<\/li><li>Yans\u0131tma Fla\u015f Nas\u0131l Kullan\u0131l\u0131r?<\/li><li>Tamamlay\u0131c\u0131 (Dolgu) Fla\u015f Nas\u0131l Kullan\u0131l\u0131r?<\/li><li>A\u00e7\u0131k Alanda Fla\u015f Nas\u0131l Kullan\u0131l\u0131r?<\/li><li>G\u00fcn\u0131\u015f\u0131\u011f\u0131 \u0130le Birlikte \u0130\u00e7 Mek\u00e2nda Fla\u015f Nas\u0131l Kullan\u0131l\u0131r?<\/li><li>\u0130\u00e7 Mek\u00e2nda Fla\u015f Nas\u0131l Kullan\u0131l\u0131r?<\/li><li>G\u00fcnbat\u0131m\u0131 \u0130le Birlikte Fla\u015f Nas\u0131l Kullan\u0131l\u0131r?<\/li><li>K\u0131rm\u0131z\u0131 G\u00f6z Lekesinin Nas\u0131l \u00d6nlenir?<\/li><li>Fla\u015f Kullan\u0131rken Do\u011fru Poz De\u011feri Nas\u0131l Bulunur?<\/li><\/ul>\n\n\n\n<p><strong>Makro Foto\u011fraflar Nas\u0131l \u00c7ekilir?<\/strong><\/p>\n\n\n\n<ul class=\"wp-block-list\"><li>Makro&nbsp;\u00c7ekim&nbsp;Tekni\u011fi Nedir?<\/li><li>Hangi Yard\u0131mc\u0131 Malzemelerle Yap\u0131l\u0131r?<\/li><li>Hangi Objeler \u00c7ekilebilir?<\/li><li>I\u015f\u0131k Nereden Gelmelidir?<\/li><\/ul>\n\n\n\n<p><strong>\u0130\u00e7 Mek\u00e2nda \u00c7ekim Nas\u0131l Yap\u0131l\u0131r?<\/strong><\/p>\n\n\n\n<ul class=\"wp-block-list\"><li>D\u00fc\u015f\u00fck I\u015f\u0131k \u015eartlar\u0131nda Nas\u0131l Hareket Edilir?<\/li><li>\u0130\u00e7 Mek\u00e2n D\u0131\u015f Mek\u00e2n I\u015f\u0131\u011f\u0131 Nas\u0131l E\u015fitlenir?<\/li><li>Alan Derinli\u011fi Nas\u0131l Sa\u011flan\u0131r?<\/li><li>D\u00fc\u015feyler Nas\u0131l Kontrol Edilir?<\/li><li>Beyaz Ayar\u0131 Nas\u0131l Yap\u0131l\u0131r?<\/li><li>\u0130\u00e7 Mek\u00e2nda Kontrast Farkl\u0131l\u0131klar\u0131 Nas\u0131l Giderilir?<\/li><li>\u0130\u00e7 Mek\u00e2n \u00c7ekimlerinde \u00c7ekim Kontrol\u00fc Nas\u0131l Yap\u0131l\u0131r?<\/li><li>\u0130\u00e7 Mek\u00e2n D\u0131\u015f Mek\u00e2n I\u015f\u0131\u011f\u0131 Nas\u0131l E\u015fitlenir?&nbsp;<\/li><\/ul>\n","protected":false},"excerpt":{"rendered":"<p>1 Hafta (2 Saat) Gece Foto\u011fraflar\u0131 Nas\u0131l \u00c7ekilir? Gece&nbsp;\u00c7ekimi&nbsp;Tekni\u011fi Nedir? Gece \u00c7ekimi Ne Zaman Yap\u0131l\u0131r? Gece \u00c7ekimlerinde Hangi Konulara Dikkat Edilmelidir? Gece \u00c7ekimleri Nas\u0131l Yap\u0131l\u0131r? Gece \u00c7ekiminde Yarat\u0131c\u0131 Etkiler Nas\u0131l Verilir? Objektiflerle Perspektif Nas\u0131l Kontrol Edilir? Objektifler Nedir ve Ne \u0130\u015fe Yararlar? Normal Objektiflerin Perspektife Etkisi Nas\u0131ld\u0131r? Geni\u015f A\u00e7\u0131 Objektiflerin Perspektife Etkisi Nas\u0131ld\u0131r? Dar A\u00e7\u0131 &#8230; <a title=\"\u0130leri \u00c7ekim Teknikleri\" class=\"read-more\" href=\"http:\/\/ozerkanburoglu.com\/?page_id=224\" aria-label=\"Read more about \u0130leri \u00c7ekim Teknikleri\">Devam\u0131n\u0131 oku<\/a><\/p>\n","protected":false},"author":1,"featured_media":0,"parent":0,"menu_order":0,"comment_status":"closed","ping_status":"closed","template":"","meta":{"footnotes":""},"class_list":["post-224","page","type-page","status-publish"],"_links":{"self":[{"href":"http:\/\/ozerkanburoglu.com\/index.php?rest_route=\/wp\/v2\/pages\/224"}],"collection":[{"href":"http:\/\/ozerkanburoglu.com\/index.php?rest_route=\/wp\/v2\/pages"}],"about":[{"href":"http:\/\/ozerkanburoglu.com\/index.php?rest_route=\/wp\/v2\/types\/page"}],"author":[{"embeddable":true,"href":"http:\/\/ozerkanburoglu.com\/index.php?rest_route=\/wp\/v2\/users\/1"}],"replies":[{"embeddable":true,"href":"http:\/\/ozerkanburoglu.com\/index.php?rest_route=%2Fwp%2Fv2%2Fcomments&post=224"}],"version-history":[{"count":5,"href":"http:\/\/ozerkanburoglu.com\/index.php?rest_route=\/wp\/v2\/pages\/224\/revisions"}],"predecessor-version":[{"id":1203,"href":"http:\/\/ozerkanburoglu.com\/index.php?rest_route=\/wp\/v2\/pages\/224\/revisions\/1203"}],"wp:attachment":[{"href":"http:\/\/ozerkanburoglu.com\/index.php?rest_route=%2Fwp%2Fv2%2Fmedia&parent=224"}],"curies":[{"name":"wp","href":"https:\/\/api.w.org\/{rel}","templated":true}]}}